973033 composite?
True
Is 2752151 a composite number?
False
Is 209641 composite?
True
Is 35714629 a composite number?
False
Is 15609287 a composite number?
False
Is 60978869 a composite number?
True
Is 17019053 prime?
False
Is 3253639 a composite number?
True
Is 182779291 a composite number?
True
Is 144559 a prime number?
False
Is 9943741 a prime number?
False
Is 41963611 composite?
True
Is 11612633 prime?
True
Is 19113733 prime?
True
Is 23680243 a composite number?
False
Is 8244679 a prime number?
True
Is 427943 composite?
True
Is 127363471 prime?
True
Is 524775553 a composite number?
True
Is 168322643 prime?
True
Is 5451989 a composite number?
True
Is 261619537 a composite number?
False
Is 1429106381 composite?
False
Is 976841 composite?
True
Is 32024507 a composite number?
False
Is 8463731 prime?
False
Is 762614947 composite?
False
Is 42717169 composite?
True
Is 122159159 prime?
False
Is 2390134 a prime number?
False
Is 3051809 a composite number?
True
Is 187663143 a composite number?
True
Is 474286837 a composite number?
False
Is 93740279 a composite number?
False
Is 1596962 composite?
True
Is 1201439 composite?
False
Is 5891441 composite?
True
Is 22028789 composite?
False
Is 1111091 a composite number?
False
Is 110597653 composite?
False
Is 241896139 a composite number?
True
Is 55580471 prime?
True
Is 17280919 a prime number?
False
Is 18040541 a composite number?
False
Is 958627 a composite number?
False
Is 358780661 prime?
True
Is 125022217 a composite number?
True
Is 458357 prime?
True
Is 158698357 a prime number?
False
Is 850594423 composite?
True
Is 10859567 prime?
False
Is 588058693 a composite number?
False
Is 14039717 a prime number?
True
Is 23642641 prime?
False
Is 3693187 composite?
False
Is 13695881 composite?
False
Is 625901 a prime number?
False
Is 3949151 a composite number?
True
Is 2037547 a composite number?
True
Is 1959908707 composite?
False
Is 33542981 a composite number?
False
Is 10865033 a prime number?
True
Is 391519 a composite number?
False
Is 637366421 a prime number?
True
Is 3004915 prime?
False
Is 24728237 a composite number?
False
Is 15511 a prime number?
True
Is 32838097 a composite number?
False
Is 341423 prime?
True
Is 74403323 a composite number?
True
Is 226685 a prime number?
False
Is 25744963 a prime number?
True
Is 674512351 a composite number?
True
Is 1440545 a composite number?
True
Is 388716239 composite?
True
Is 70337401 prime?
True
Is 855982 a prime number?
False
Is 27406733 a composite number?
False
Is 55231927 a composite number?
False
Is 155923 prime?
False
Is 246893519 a composite number?
True
Is 52363639 composite?
True
Is 2709767 composite?
False
Is 12446987 prime?
False
Is 217141219 prime?
True
Is 108345283 composite?
False
Is 100554087 a composite number?
True
Is 11503771 composite?
False
Is 295884239 a composite number?
True
Is 90945385 a prime number?
False
Is 225826831 composite?
True
Is 15997609 prime?
True
Is 761077 prime?
False
Is 4607051 prime?
False
Is 212811 composite?
True
Is 13465691 prime?
False
Is 29507015 a composite number?
True
Is 7210661 composite?
True
Is 10487681 composite?
False
Is 587563 prime?
True
Is 49423431 composite?
True
Is 296350213 a prime number?
True
Is 546278827 a composite number?
False
Is 4559257 prime?
False
Is 153495671 a prime number?
False
Is 1147579 composite?
False
Is 1764167 a prime number?
False
Is 4487317 a composite number?
True
Is 14292973 a composite number?
False
Is 102439891 a prime number?
True
Is 1612691 a composite number?
True
Is 29537759 a prime number?
True
Is 961591 a composite number?
True
Is 12969013 a composite number?
True
Is 3295613 composite?
True
Is 51932801 a prime number?
True
Is 20505013 prime?
False
Is 104369371 a prime number?
True
Is 21831029 a prime number?
False
Is 22168579 a composite number?
False
Is 94782197 a composite number?
True
Is 2080121 composite?
False
Is 8244553 a prime number?
True
Is 132010742 a prime number?
False
Is 22220623 composite?
False
Is 434807 a prime number?
True
Is 3981161 a composite number?
False
Is 23903493 composite?
True
Is 40296389 prime?
False
Is 2969221 a prime number?
False
Is 12820201 prime?
True
Is 3951707 prime?
True
Is 13379239 composite?
True
Is 53095313 a composite number?
False
Is 3307289 prime?
True
Is 50149169 prime?
False
Is 9202051 composite?
False
Is 331716727 a prime number?
False
Is 1556717 composite?
False
Is 140079013 a prime number?
True
Is 80975339 composite?
False
Is 271269329 a prime number?
True
Is 819209 prime?
False
Is 185680387 composite?
False
Is 1303363 a composite number?
False
Is 768328541 a composite number?
False
Is 2578519 a composite number?
False
Is 6921437 a composite number?
False
Is 52736197 a composite number?
False
Is 6651661 prime?
True
Is 15604161 prime?
False
Is 1054903 composite?
False
Is 247635389 composite?
False
Is 3985015 composite?
True
Is 105039013 a composite number?
False
Is 5780809 a prime number?
True
Is 10022851 prime?
True
Is 2674849 a composite number?
False
Is 19798061 a prime number?
False
Is 2125987 a composite number?
False
Is 58091395 a composite number?
True
Is 186181307 composite?
True
Is 263014247 a composite number?
False
Is 121040617 a prime number?
True
Is 3354023 prime?
False
Is 5493823 prime?
True
Is 7873189 a prime number?
False
Is 4300141 composite?
False
Is 12765422 a composite number?
True
Is 777313 composite?
False
Is 9432653 a prime number?
True
Is 2536759 a prime number?
False
Is 969696587 a prime number?
True
Is 5848819 a prime number?
True
Is 85411 a prime number?
True
Is 151175933 a prime number?
False
Is 8493857 a composite number?
True
Is 87490283 a prime number?
True
Is 13525849 a prime number?
True
Is 74112013 a composite number?
False
Is 208027163 a prime number?
False
Is 373837093 a prime number?
False
Is 116994499 a composite number?
False
Is 998449 prime?
False
Is 33681801 a prime number?
False
Is 547763581 prime?
True
Is 2248529 prime?
True
Is 127783039 a prime number?
False
Is 526140337 composite?
False
Is 14553809 composite?
False
Is 1067146 a composite number?
True
Is 2309 a prime number?
True
Is 11359661 a composite number?
False
Is 123580543 a prime number?
True
Is 127373 a composite number?
False
Is 7212011 a prime number?
True
Is 967115 a prime number?
False
Is 308610371 prime?
True
Is 1904849 a composite number?
False
Is 2977383 prime?
False
Is 7544939 a composite number?
False
Is 2030513 a composite number?
False
Is 665135663 a prime number?
True
Is 9786977 a composite number?
False
Is 420079 a composite number?
True
Is 2739271 composite?
False
Is 14301163 prime?
True
Is 1386037 prime?
True
Is 77529149 a prime number?
True
Is 272566649 a composite number?
False
Is 400634467 a composite number?
False
Is 3531647 a prime number?
False
Is 35481659 composite?
True
Is 3533087 a prime number?
True
Is 116649617 prime?
False
Is 2458991 composite?
False
Is 1031609441 a prime number?
True
Is 1355285 prime?
False
Is 115833137 a composite number?
True
Is 8631191 prime?
True
Is 975107 a composite number?
True
Is 3075671 a prime number?
True
Is 699617 a prime number?
True
Is 106651921 a prime number?
False
Is 37366223 a composite number?
True
Is 1308691 composite?
False
Is 11956411 prime?
False
Is 1628537 a prime number?
False
Is 727983071 a prime number?
True
Is 213163337 prime?
False
Is 2714057 prime?
True
Is 11858767 prime?
False
Is 8150831 composite?
True
Is 31045507 composite?
True
Is 206153 composite?
False
Is 3141305 prime?
False
Is 2374457 composite?
True
Is 59626601 a prime number?
True
Is 3907465 composite?
True
Is 485246557 a composite number?
True
Is 431527477 a prime number?
True
Is 182694079 prime?
True
Is 43169179 composite?
True
Is 91252669 a prime number?
True
Is 24747851 prime?
True
Is 31408211 composite?
False
Is 13139687 a composite number?
True
Is 4114057 composite?
False
Is 3155509 prime?
False
Is 26754103 a prime number?
True
Is 16481 a prime number?
True
Is 53369441 composite?
False
Is 1799701 composite?
False
Is 1128031 prime?
True
Is 73086449 a composite number?
True
Is 1232489 a composite number?
True
Is 73798 a prime number?
False
Is 47081443 a composite number?
False
Is 45736307 composite?
True
Is 83555497 a prime number?
True
Is 10847041 a composite number?
True
Is 264389 pri